tor of 132 and g?
12
Let z = -122 + 185. Suppose -3*v - 45 = 3*a, 3*v - v - 2*a + 18 = 0. Let n = v + 21. Calculate the greatest common divisor of n and z.
9
Let y = 9 - 4. Let w(k) = 3*k**2 - 5*k + 6. Let m be w(y). Suppose 0 = p - 2*p + 3*c + 20, 2*p = 4*c + 32. What is the greatest common divisor of m and p?
8
Let l be 1*1*(9 - 2). What is the greatest common factor of l and 28?
7
Suppose -52 = 2*x + 8. Let q be x/(-4)*(2 + 0). Let o be 15*-2*10/(-4). What is the greatest common factor of o and q?
15
Suppose 2*k + 65 = -3*k + 3*a, -3*k + a = 43. Let w be ((-216)/k)/((-6)/(-8)). Calculate the greatest common factor of w and 90.
18
Suppose -2*w - 17 = -33. What is the highest common divisor of 6 and w?
2
Suppose 2*y + 3 - 21 = 0. Let a(g) = 2*g**2 + 1. Let s be a(1). What is the highest common factor of s and y?
3
Suppose -5*u + 5*d + 2400 = 0, 5*u - 1424 = 2*u - d. Let s = 722 - u. Suppose 4*w - 134 = s. Calculate the greatest common factor of 19 and w.
19
Let b(t) = t**3 + 6*t**2 - 8*t - 8. Let g be b(-6). Suppose p + 22 = 3*p - 3*s, -10 = 2*p + 5*s. What is the greatest common divisor of g and p?
5
Suppose -3*q - 4*b + 114 = 0, -3*q = 5*b - 4 - 107. Let l be (22/6 + -4)*(-18 - 0). What is the greatest common divisor of q and l?
6
Let c(s) = -s**3 + 9*s**2 - 16*s + 6. Let h be c(6). What is the highest common divisor of 144 and h?
18
Let r be (-8)/(-20) + 298/5. Suppose -69 = -4*o + 3*s, 2*o = -3*s + r - 3. Suppose 0 = -3*v + 10 + 11. Calculate the highest common divisor of v and o.
7
Let x(n) = -2*n + 3. Let p be x(-8). Calculate the highest common factor of 190 and p.
19
Let i(z) = -5*z**2 + z**2 + 6*z**2 + 0*z**2 - 4*z. Let t be i(-3). What is the greatest common factor of 75 and t?
15
Suppose 2*p = -2*b - 18, -4*p + p = 2*b + 20. Let s = 16 + b. Calculate the greatest common factor of 36 and s.
9
Let y be -1 + -1 + 1 + 5. Suppose -y*p = -5*p + 12. What is the highest common factor of 60 and p?
12
Suppose -p + 16 = 11. Suppose 0 = 4*a + c - 54, 42 = a + 3*a - p*c. Calculate the greatest common divisor of 13 and a.
13
Let r be (-101)/(-7) - (-18)/(-42). What is the highest common factor of r and 14?
14
Suppose -9*z = -8*z - 33. What is the highest common divisor of 11 and z?
11
Let u(k) = k**3 + 8*k**2 + 3. Let f(h) = -3*h - 2. Let t be f(2). Let d be u(t). What is the highest common factor of 2 and d?
1
Let a(x) = -3*x**3 + 5*x**3 - 3*x**3 + 8*x**2 - 3*x + 2. Let w be a(7). What is the highest common divisor of 20 and w?
10
Let n(f) = -3*f + 17. Let t be n(9). Suppose -4*m = -2*l - 90, 2*m - 6*l + l - 65 = 0. Let c = t + m. Calculate the greatest common divisor of c and 15.
5
Suppose 0 = 3*v + 3*a + 9, -a - 9 = -4*v + 4. Suppose 4*q + 32 = 4*g, -v*g - 5*q + 13 = -10. What is the greatest common divisor of 36 and g?
9
Suppose 5 = -b + 10. Let v(c) = -9*c - 12 - 2*c**2 + c**2 + 2*c**2. Let k be v(11). Calculate the highest common factor of b and k.
5
Let s(u) = -6*u - 3. Let j be s(-2). What is the greatest common factor of 6 and j?
3
Suppose 0 = -3*b + 2*y + 349 - 59, -2*b + 3*y = -195. What is the highest common divisor of b and 240?
48
Let c = 21 - 14. Suppose -42 = -2*f - 0*f. What is the highest common factor of c and f?
7
Suppose 0 = -3*i + 4*i - 28. Let x be 4/14 - 976/(-14). What is the greatest common factor of i and x?
14
Suppose 0 = 5*a - 4 - 96. Calculate the greatest common factor of 10 and a.
10
Let w(d) = d**3 - 16*d**2 + 18*d + 11. Let g be w(15). Suppose -3*u = -u - 14. Calculate the greatest common divisor of u and g.
7
Let i = -85 - -127. What is the greatest common divisor of i and 28?
14
Suppose -5*g + 5*x = -0 - 50, -5*x - 22 = -3*g. What is the highest common divisor of 14 and g?
14
Let m(k) = -k**2 + 18*k - 58. Let l be m(13). Let z = 39 + -18. What is the highest common factor of l and z?
7
Let w = -1 + 106. What is the greatest common factor of w and 15?
15
Let n be 56/(-6)*27/(-9). Calculate the highest common factor of 28 and n.
28
Suppose 4*y - 186 = -2*k, -k - 2 = -7. Let h(n) = 11*n. Let l be (7 - 5)/(4/2). Let x be h(l). Calculate the highest common divisor of y and x.
11
Let i(z) = z**2 - 7*z - 24. Let n be i(-3). What is the highest common factor of n and 192?
6
Let u(r) = r - 2. Let q be u(10). What is the greatest common divisor of 32 and q?
8
Let u(l) = -l**3 - 4*l**2 - 6*l + 2. Let d be u(-3). What is the greatest common divisor of 11 and d?
11
Let h = -3 + 4. Let o = h + 104. Suppose 3*u = -0*u + o. Calculate the greatest common factor of u and 14.
7
Let v = 5 - 3. Suppose -2*c = v*q - 86, 3*c - 68 = 2*c + 4*q. What is the greatest common factor of 12 and c?
12
Let s = -38 - -54. Calculate the greatest common divisor of s and 24.
8
Let c be (-3)/(4 - (3 + 0)). Let o be (-126)/(-7) + (c - -1). What is the greatest common divisor of o and 48?
16
Let s(i) = -254*i**3 - 2*i**2 - 2*i - 1. Let p be s(-1). Let a = -291 + 314. Calculate the highest common divisor of p and a.
23
Suppose -2*y = 2*s - 4*s - 4, 0 = y - 4*s + 4. Let o be (2/y)/((-5)/(-40)). What is the highest common factor of 1 and o?
1
Let z(m) = m**2 + 2*m + 2. Let x be z(-3). Suppose -4*r = -x*y - 415, 2*r = -0*r - 3*y + 235. Calculate the greatest common factor of 10 and r.
10
Let m(d) = -d**3 + 5*d**2 - 6*d - 7. Let c be m(-5). Suppose -h = -0*h, -h = 3*w - c. Calculate the greatest common divisor of 13 and w.
13
Let i = 18 - 17. Suppose 4*x = -3*d - 3, d - 4 = -5*x + 6. What is the greatest common factor of i and x?
1
Suppose -4*c + 43 = 3*h, 3*h - 5*c = -c + 83. Calculate the greatest common divisor of 7 and h.
7
Let b = -44 - -55. What is the highest common factor of 187 and b?
11
Suppose 3*j = -0*j + 9. Let x be (-1 - -4)*17/j. What is the highest common divisor of x and 136?
17
Let p(i) be the third derivative of i**4/4 + i**3 + 2*i**2. Let o be p(9). Calculate the highest common factor of o and 40.
20
Let q = 109 + -41. What is the highest common factor of q and 17?
17
Let k be (-222)/3*((-15)/10)/3. Calculate the greatest common factor of k and 111.
37
Suppose 0 = 2*r - 2*f - 88, 85 = 3*r + 3*f - 71. Calculate the highest common divisor of 8 and r.
8
Let r(x) = -4*x + 27. Let l be r(-10). What is the greatest common divisor of 268 and l?
67
Let v(m) = m - 4. Let y be v(7). Suppose 5*s - 78 = -2*j, -y*s - j + 50 = j. What is the greatest common factor of 2 and s?
2
Suppose -p - 4*p - 3*n = -21, -p - 4*n - 6 = 0. Suppose -p*u = -u - 90. Calculate the greatest common factor of 9 and u.
9
Let t be (0 + 2 - -1)/1. Suppose t = k + 1. Suppose -k*c + 9 = -c. What is the greatest common factor of 81 and c?
9
Let i(g) = g**2 - 7*g + 7. Let w be i(8). What is the highest common divisor of w and 5?
5
Let r(n) = 3*n**2 - 11*n + 1. Let y be r(6). Calculate the greatest common divisor of y and 344.
43
Suppose 2*z - 152 = a + a, 3*z - a = 226. Calculate the highest common divisor of 15 and z.
15
Let o be (-160)/(-2) - (0 + 0). Let y(f) = -f**3 + 8*f**2 - 3*f - 4. Let l be y(3). What is the greatest common divisor of o and l?
16
Let z(a) = 2*a**2 - 7*a + 2. Let x be z(-12). What is the highest common factor of x and 34?
34
Let v(u) = 4*u + 0*u + 39 + 5 - 5*u. Let m be v(0). Calculate the greatest common factor of 66 and m.
22
Let h(u) = -3*u - 11. Let t(f) = -7*f - 23. Let g(i) = -5*h(i) + 2*t(i). Let o be g(-6). Suppose 14 = o*a + 2. What is the greatest common divisor of 8 and a?
4
Suppose 4*h - 147 = 285. Suppose 4*z - h = 2*r + 2*r, 0 = 3*z + 3*r - 63. Calculate the greatest common factor of z and 6.
6
Let x = -1 + 1. Suppose -m + x*d + 10 = -2*d, -4*m = 4*d - 4. Suppose -4*o + 4 = 0, 7*p - 2*p = 4*o + 16. Calculate the highest common factor of p and m.
4
Let f be 0*(-3 + 2) + 4. Let b = 439 - 199. Suppose f*n + 20 - b = 0. Calculate the highest common factor of 5 and n.
5
Let z be ((-2)/3)/(6/(-27)). Let s(b) = 0*b + 5*b**3 - 4*b - 4*b**2 + 6*b. Let l be s(z). What is the greatest common divisor of l and 15?
15
Suppose -4*m + 557 = -919. What is the highest common factor of m and 41?
41
Let q = 15 - 10. Suppose -u + 8 = -2*t, q*u - 41 = -t - 1. Calculate the highest common divisor of u and 16.
8
Let m be 23 + (-3 - (-5 - -2)). What is the highest common divisor of m and 184?
23
Suppose 0 = -5*o + o + 900. Suppose -p - 2*p = -o. What is the g